{"id":101,"date":"2020-05-28T17:20:27","date_gmt":"2020-05-28T15:20:27","guid":{"rendered":"https:\/\/www.gentecamuna.it\/?page_id=101"},"modified":"2020-05-28T17:32:48","modified_gmt":"2020-05-28T15:32:48","slug":"piano-argentina","status":"publish","type":"page","link":"https:\/\/www.gentecamuna.it\/index.php\/archivio\/piano-argentina\/","title":{"rendered":"Piano Argentina"},"content":{"rendered":"<!-- wp:themify-builder\/canvas \/-->\n\n\n<p><strong>Protocollo d&#8217;intesa per il progetto Argentina<\/strong><\/p>\n\n\n\n<p>La situazione recentemente determinatasi in Argentina ha portato al manifestarsi di una gravissima crisi politica, economica e sociale.<br>Tale crisi, che colpisce nella sua globalit\u00e0 il popolo argentino, \u00e8 tanto pi\u00f9 pesante e dolorosa per noi italiani, in quanto coinvolge in modo massiccio la numerosissima comunit\u00e0 dei nostri connazionali col\u00e0 residenti, tanto da rendere di particolare urgenza porre specifica attenzione a tutti quei cittadini, di origine e nazionalit\u00e0 italiana, per lo pi\u00f9 provenienti dalle regioni del Nord del nostro Paese, che hanno in questo ultimo periodo manifestato intenzione ed insieme speranza di rientrare nel nostro paese.<\/p>\n\n\n\n<p>La Provincia di Brescia aveva tempestivamente deciso di portare il proprio contributo, al fine di offrire un concreto e fattivo supporto alla risoluzione di alcune gravi problematiche con la crisi stessa inerenti. Due iniziative, in particolare, ne sono testimonianza:<br>&#8211; L&#8217;Assessorato al Lavoro della Provincia di Brescia ha recentemente approvato uno schema di convenzione con &#8220;Ritornare&#8221;, l&#8217;Associazione Nazionale degli italo-argentini e familiari di italiani residenti in Argentina, &#8220;Ritornare&#8221;, per l&#8217;organizzazione di un servizio di accoglienza, informazione e consulenza per coloro che desiderino tornare in patria.<br>Proprio per ci\u00f2, l&#8217;Assessorato al Lavoro ha provveduto a mettere a disposizione propri spazi e strumenti all&#8217;Associazione stessa, che pu\u00f2 inoltre avvalersi di un contributo economico al fine destinato.<br>L&#8217;iniziativa in oggetto marca l&#8217;accento su un progetto di reinserimento a tutto tondo dei soggetti interessati, comprendendo che n\u00e9 l&#8217;assistenzialismo tout-court n\u00e9 un inserimento realizzato a scapito delle esigenze socio-culturali pu\u00f2 chiamarsi tale.<br>D&#8217;altro canto, rimarcando le potenzialit\u00e0 del nostro sistema produttivo e della sua capacit\u00e0 di assorbimento di manodopera.<br>&#8211; La Provincia ha dato la propria piena disponibilit\u00e0 a farsi partner nel progetto dell&#8217;Agenzia Regionale per il Lavoro, condividendo il &#8220;Progetto Argentina&#8221;, finalizzato al sostegno ed all&#8217;inserimento sociale e lavorativo degli italiani d&#8217;Argentina in ingresso o rientro in Lombardia e per lo studio di programmi di cooperazione allo sviluppo e di partenariato economico.<\/p>\n\n\n\n<p>Ci\u00f2 premesso,<br>la Provincia di Brescia, con I&#8217;Assessorato al Lavoro e l&#8217;Assessorato alla Formazione Professionale ed unitamente all&#8217;Agenzia Regionale per il Lavoro, l&#8217;Associazione &#8220;Ritomare&#8221;, il B.I.M. di Vallecamonica, l&#8217;ALER di Brescia, l&#8217;associazione Artigiani, la Confederazione Nazionale dell&#8217;Artigianato, la Confart\u00edgianato Unione di Brescia, il periodico &#8220;Gente Camuna&#8221;<br>INTENDONO<br>adoperarsi nella messa in campo di iniziative che concorrano alla risoluzione del problema, convinti e consapevoli che solo una molteplicit\u00e0 d\u00ec strumenti e di sforzi comuni possano essere utili per affrontare problematiche che cos\u00ec pesantemente incidono sulla vita delle tante famiglie di quella comunit\u00e0.<\/p>\n\n\n\n<p>A tal fine, la Provincia e gli Assessorati al Lavoro ed alla Formazione Professionale della Provincia d\u00ec Brescia ritengono quindi opportuno ed indispensabile alla realizzazione dei fini che si sono proposti, di farsi promotori in prima persona, unitamente ai soggetti ed alle Associazioni firmatarie della presente dichiarazione, di una sinergica collaborazione che, unendo appunto ambiti e competenze diverse, possa cos\u00ec concorrere alla fattiva risoluzione delle problemat\u00edche suesposte.<\/p>\n\n\n\n<p>sforzo e progetto tante diverse realt\u00e0 del mondo delle istituzioni, delle attivit\u00e0 produttive, dell&#8217;informazione e del sociale, \u00e8 il solo strumento che potr\u00e0 consentire di affrontare e tentare di risolvere in modo concreto e completo questa drammatica realt\u00e0.<br>Da una parte, dunque, la possibilit\u00e0 di offrire quel tipo di assistenza e consulenza agli individui ed alle famiglie che intendono ritornare nel nostro Paese, nella nostra Regione e nella nostra Provincia, che consenta loro di inserirsi o reinserirsi al meglio nel tessuto sociale, dall&#8217;altra l&#8217;indispensabile e fattiva collaborazione con quelle organizzazioni produttive che, modello in Italia ed in Europa, possono mettere a disposizione la propria capacit\u00e0 di valorizzare ed accrescere le capacit\u00e0 professionali degli individui.<\/p>\n\n\n\n<p>I sottoscrittori del presente documento sono infatti convinti e consapevoli che solo la messa a disposizione, coordinata e sinergica, di tutte le capacit\u00e0 economiche, progettuali, ideali e di influenza istituzionale che le parti che sottoscrivono la presente possono mettere in campo, potr\u00e0 aiutare i nostri connazionali a ritrovare una degna collocazione dal punto di vista umano e sociale.<\/p>\n\n\n\n<p>Brescia, l\u00ec 2 settembre 2002<\/p>\n\n\n\n<p class=\"has-text-align-right\">Il Presidente della Provincia di Brescia<br>L&#8217;assessore al Lavoro e Politiche giovanili della Provincia di Brescia<br>L&#8217;Assessore alla Formazione Professionale della Provincia di Brescia<br>Agenzia Regionale per il Lavoro<br>Associazione &#8220;Ritornare&#8221;<br>B.I.M. Vallecamonica<br>ALER<br>Associazioni Artigiani<br>Confederazione Nazionale dell&#8217;Artigianato<br>Confartigianato Unione di Brescia<br>Periodico &#8220;Gente Camuna&#8221;<\/p>\n\n\n\n<p><a href=\"https:\/\/www.gentecamuna.it\/wp-content\/uploads\/2020\/05\/Crisi_Argentina.pdf\" target=\"_blank\" rel=\"noreferrer noopener\">Crisi in Argentina: un piano di accoglienza per i nostri emigrati<\/a><br><br><a href=\"https:\/\/www.gentecamuna.it\/wp-content\/uploads\/2020\/05\/Crisi_Argentina.pdf\" target=\"_blank\" rel=\"noreferrer noopener\">I documenti per il rientro in Italia<\/a><\/p>\n","protected":false},"excerpt":{"rendered":"<p>Protocollo d&#8217;intesa per il progetto Argentina La situazione recentemente determinatasi in Argentina ha portato al manifestarsi di una gravissima crisi politica, economica e sociale.Tale crisi, che colpisce nella sua globalit\u00e0 il popolo argentino, \u00e8 tanto pi\u00f9 pesante e dolorosa per noi italiani, in quanto coinvolge in modo massiccio la numerosissima comunit\u00e0 dei nostri connazionali col\u00e0 [&hellip;]<\/p>\n","protected":false},"author":3,"featured_media":0,"parent":25,"menu_order":0,"comment_status":"closed","ping_status":"closed","template":"","meta":{"footnotes":""},"class_list":["post-101","page","type-page","status-publish","hentry","has-post-title","has-post-date","has-post-category","has-post-tag","has-post-comment","has-post-author",""],"builder_content":"","_links":{"self":[{"href":"https:\/\/www.gentecamuna.it\/index.php\/wp-json\/wp\/v2\/pages\/101","targetHints":{"allow":["GET"]}}],"collection":[{"href":"https:\/\/www.gentecamuna.it\/index.php\/wp-json\/wp\/v2\/pages"}],"about":[{"href":"https:\/\/www.gentecamuna.it\/index.php\/wp-json\/wp\/v2\/types\/page"}],"author":[{"embeddable":true,"href":"https:\/\/www.gentecamuna.it\/index.php\/wp-json\/wp\/v2\/users\/3"}],"replies":[{"embeddable":true,"href":"https:\/\/www.gentecamuna.it\/index.php\/wp-json\/wp\/v2\/comments?post=101"}],"version-history":[{"count":4,"href":"https:\/\/www.gentecamuna.it\/index.php\/wp-json\/wp\/v2\/pages\/101\/revisions"}],"predecessor-version":[{"id":114,"href":"https:\/\/www.gentecamuna.it\/index.php\/wp-json\/wp\/v2\/pages\/101\/revisions\/114"}],"up":[{"embeddable":true,"href":"https:\/\/www.gentecamuna.it\/index.php\/wp-json\/wp\/v2\/pages\/25"}],"wp:attachment":[{"href":"https:\/\/www.gentecamuna.it\/index.php\/wp-json\/wp\/v2\/media?parent=101"}],"curies":[{"name":"wp","href":"https:\/\/api.w.org\/{rel}","templated":true}]}}

<!-- wp:themify-builder/canvas /-->


<p><strong>Protocollo d&#8217;intesa per il progetto Argentina</strong></p>



<p>La situazione recentemente determinatasi in Argentina ha portato al manifestarsi di una gravissima crisi politica, economica e sociale.<br>Tale crisi, che colpisce nella sua globalità il popolo argentino, è tanto più pesante e dolorosa per noi italiani, in quanto coinvolge in modo massiccio la numerosissima comunità dei nostri connazionali colà residenti, tanto da rendere di particolare urgenza porre specifica attenzione a tutti quei cittadini, di origine e nazionalità italiana, per lo più provenienti dalle regioni del Nord del nostro Paese, che hanno in questo ultimo periodo manifestato intenzione ed insieme speranza di rientrare nel nostro paese.</p>



<p>La Provincia di Brescia aveva tempestivamente deciso di portare il proprio contributo, al fine di offrire un concreto e fattivo supporto alla risoluzione di alcune gravi problematiche con la crisi stessa inerenti. Due iniziative, in particolare, ne sono testimonianza:<br>&#8211; L&#8217;Assessorato al Lavoro della Provincia di Brescia ha recentemente approvato uno schema di convenzione con &#8220;Ritornare&#8221;, l&#8217;Associazione Nazionale degli italo-argentini e familiari di italiani residenti in Argentina, &#8220;Ritornare&#8221;, per l&#8217;organizzazione di un servizio di accoglienza, informazione e consulenza per coloro che desiderino tornare in patria.<br>Proprio per ciò, l&#8217;Assessorato al Lavoro ha provveduto a mettere a disposizione propri spazi e strumenti all&#8217;Associazione stessa, che può inoltre avvalersi di un contributo economico al fine destinato.<br>L&#8217;iniziativa in oggetto marca l&#8217;accento su un progetto di reinserimento a tutto tondo dei soggetti interessati, comprendendo che né l&#8217;assistenzialismo tout-court né un inserimento realizzato a scapito delle esigenze socio-culturali può chiamarsi tale.<br>D&#8217;altro canto, rimarcando le potenzialità del nostro sistema produttivo e della sua capacità di assorbimento di manodopera.<br>&#8211; La Provincia ha dato la propria piena disponibilità a farsi partner nel progetto dell&#8217;Agenzia Regionale per il Lavoro, condividendo il &#8220;Progetto Argentina&#8221;, finalizzato al sostegno ed all&#8217;inserimento sociale e lavorativo degli italiani d&#8217;Argentina in ingresso o rientro in Lombardia e per lo studio di programmi di cooperazione allo sviluppo e di partenariato economico.</p>



<p>Ciò premesso,<br>la Provincia di Brescia, con I&#8217;Assessorato al Lavoro e l&#8217;Assessorato alla Formazione Professionale ed unitamente all&#8217;Agenzia Regionale per il Lavoro, l&#8217;Associazione &#8220;Ritomare&#8221;, il B.I.M. di Vallecamonica, l&#8217;ALER di Brescia, l&#8217;associazione Artigiani, la Confederazione Nazionale dell&#8217;Artigianato, la Confartígianato Unione di Brescia, il periodico &#8220;Gente Camuna&#8221;<br>INTENDONO<br>adoperarsi nella messa in campo di iniziative che concorrano alla risoluzione del problema, convinti e consapevoli che solo una molteplicità dì strumenti e di sforzi comuni possano essere utili per affrontare problematiche che così pesantemente incidono sulla vita delle tante famiglie di quella comunità.</p>



<p>A tal fine, la Provincia e gli Assessorati al Lavoro ed alla Formazione Professionale della Provincia dì Brescia ritengono quindi opportuno ed indispensabile alla realizzazione dei fini che si sono proposti, di farsi promotori in prima persona, unitamente ai soggetti ed alle Associazioni firmatarie della presente dichiarazione, di una sinergica collaborazione che, unendo appunto ambiti e competenze diverse, possa così concorrere alla fattiva risoluzione delle problematíche suesposte.</p>



<p>sforzo e progetto tante diverse realtà del mondo delle istituzioni, delle attività produttive, dell&#8217;informazione e del sociale, è il solo strumento che potrà consentire di affrontare e tentare di risolvere in modo concreto e completo questa drammatica realtà.<br>Da una parte, dunque, la possibilità di offrire quel tipo di assistenza e consulenza agli individui ed alle famiglie che intendono ritornare nel nostro Paese, nella nostra Regione e nella nostra Provincia, che consenta loro di inserirsi o reinserirsi al meglio nel tessuto sociale, dall&#8217;altra l&#8217;indispensabile e fattiva collaborazione con quelle organizzazioni produttive che, modello in Italia ed in Europa, possono mettere a disposizione la propria capacità di valorizzare ed accrescere le capacità professionali degli individui.</p>



<p>I sottoscrittori del presente documento sono infatti convinti e consapevoli che solo la messa a disposizione, coordinata e sinergica, di tutte le capacità economiche, progettuali, ideali e di influenza istituzionale che le parti che sottoscrivono la presente possono mettere in campo, potrà aiutare i nostri connazionali a ritrovare una degna collocazione dal punto di vista umano e sociale.</p>



<p>Brescia, lì 2 settembre 2002</p>



<p class="has-text-align-right">Il Presidente della Provincia di Brescia<br>L&#8217;assessore al Lavoro e Politiche giovanili della Provincia di Brescia<br>L&#8217;Assessore alla Formazione Professionale della Provincia di Brescia<br>Agenzia Regionale per il Lavoro<br>Associazione &#8220;Ritornare&#8221;<br>B.I.M. Vallecamonica<br>ALER<br>Associazioni Artigiani<br>Confederazione Nazionale dell&#8217;Artigianato<br>Confartigianato Unione di Brescia<br>Periodico &#8220;Gente Camuna&#8221;</p>



<p><a href="https://www.gentecamuna.it/wp-content/uploads/2020/05/Crisi_Argentina.pdf" target="_blank" rel="noreferrer noopener">Crisi in Argentina: un piano di accoglienza per i nostri emigrati</a><br><br><a href="https://www.gentecamuna.it/wp-content/uploads/2020/05/Crisi_Argentina.pdf" target="_blank" rel="noreferrer noopener">I documenti per il rientro in Italia</a></p>

<p>Protocollo d&#8217;intesa per il progetto Argentina La situazione recentemente determinatasi in Argentina ha portato al manifestarsi di una gravissima crisi politica, economica e sociale.Tale crisi, che colpisce nella sua globalità il popolo argentino, è tanto più pesante e dolorosa per noi italiani, in quanto coinvolge in modo massiccio la numerosissima comunità dei nostri connazionali colà [&hellip;]</p>
