{"id":103,"date":"2020-05-28T17:21:06","date_gmt":"2020-05-28T15:21:06","guid":{"rendered":"https:\/\/www.gentecamuna.it\/?page_id=103"},"modified":"2020-05-28T17:23:22","modified_gmt":"2020-05-28T15:23:22","slug":"convegno-a-zurigo","status":"publish","type":"page","link":"https:\/\/www.gentecamuna.it\/index.php\/archivio\/convegno-a-zurigo\/","title":{"rendered":"Convegno a Zurigo"},"content":{"rendered":"<!-- wp:themify-builder\/canvas \/-->\n\n\n<p><strong>Zurigo: Convegno di Gente Camuna<br><\/strong><em>Il ruolo delle Associazioni in un mondo globalizzato. L\u2019intervento di Franco Narducci<\/em><\/p>\n\n\n\n<p>L\u2019Associazione Gente Camuna, con la preziosa collaborazione di Circoli di Zurigo, Ginevra, Losanna e Basilea, ha tenuto proprio a Zurigo un interessante Convegno con l\u2019obiettivo di riflettere sulla realt\u00e0 migratoria di oggi in considerazione del fenomeno della globalizzazione che tende ad annullare ogni differenziazione e a far perdere ai nostri connazionali la loro identit\u00e0.<br>Il Convegno ha visto, nonostante la eccezionale nevicata che ha bloccato la citt\u00e0, una nutrita partecipazione di emigrati camuni e lombardi, ma non solo.<br>Emilia Sina, presidente del Circolo camuno di Zurigo, ha portato il saluto ai convenuti ed ha rivolto \u201c<em>un accalorato appello alla collaborazione, all\u2019aiuto reciproco,al rinnovamento di mentalit\u00e0. Occorre adeguarci<\/em> \u2013 ha aggiunto \u2013 <em>ai tempi mutati con le sinergie delle forze per portare avanti con successo il nostro lavoro a favore di tutta la collettivit\u00e0 non solo lombarda-italiana, ma direi di tutta la comunit\u00e0 multietnica, multireligiosa e plurilingue, come quella di cui \u00e8 composta oggi la societ\u00e0 svizzera<\/em>\u201d .<br>Si \u00e8 entrati nel vivo dell\u2019argomento oggetto del Convegno: \u201c<em>Emigrazione e Globalizzazione. Il ruolo delle Associazioni\u201d, <\/em>con le relazioni dei rappresentanti delle Associazioni Lombarde che operano nella citt\u00e0 elvetica.<br>Per Gente Camuna \u00e8 intervenuto Nicola Stivala, il quale, dopo aver illustrato gli effetti che la globalizzazione sta producendo nell\u2019economia, nella cultura e nell\u2019informazione, si \u00e8 posto ed ha posto l\u2019interrogativo se oggi l\u2019associazionismo ha ancora un ruolo da svolgere in una realt\u00e0 che tende a standardizzare ed omogeneizzare tutto. \u201c<em>Ma proprio per impedire che ci\u00f2 avvenga e che le tante ricchezze peculiari della nostra cultura e tradizione vengano inglobate e perdano la loro unicit\u00e0, occorre \u2013 concluso &#8211; valorizzare il ruolo delle nostre Associazioni, depositarie del contatto con il mondo dell\u2019emigrazione e quindi garanzia di trasmissione di quanto ci \u00e8 stato tramandato e che abbiamo il dovere di non contribuire a disperdere<\/em>\u201d.<br>Si sono susseguiti poi altri oratori, tra cui Daniele Marroncini, presidente dell\u2019Associazione Mantovani nel Mondo che si \u00e8 soffermato sul ruolo e l\u2019importanza del volontariato nelle associazioni, sulla necessit\u00e0 che la Regione Lombardia adegui alle esigenze di oggi la legge sull\u2019emigrazione, sul diritto di cittadinanza.<br>Hanno portato i loro contributi i presidente dei Circoli \u201cGente Camuna\u201d di Basilea Daniele Contessi, di Losanna Luciano Rizzi e di Ginevra Stefano Moscardi i quali, nonostante le avversit\u00e0 climatiche, hanno raggiunto la sede del Convegno con folte delegazioni.<br>Tra le autorit\u00e0 presenti numerose rappresentanze di altre associazioni e i presidenti del Com.it.es di Zurigo Luciano Pavan, dei Valtellinesi e Valchiavennaschi di Zurigo Renzo Ferrari, dell\u2019Associazione Colonie Libere Claudio Micheloni, candidato nelle prossime elezioni politiche, i quali tutti, hanno dato, coi loro interventi, un prezioso ed efficace supporto alla riuscita del Convegno.<br>Particolarmente apprezzato e applaudito infine l\u2019intervento conclusivo di Franco Narducci, SegretarioGenerale del CGIE e candidato al Parlamento.<br>Dopo aver sostenuto con forza e convinzione il ruolo attuale delle Associazioni, punto di riferimento per gli emigrati e organismi fondamentali per la valorizzazione della propria identit\u00e0, ha aggiunto: \u201c<em>Esiste una rete incredibile nel mondo che tiene viva la cultura italiana, pur con le sue diversit\u00e0. Occorre l\u2019impegno di tutti per difendere, preservare e rinnovare tale sistema associativo, tenendolo lontano dalla lotta politica. Occorre per\u00f2 una loronuova progettualit\u00e0 che tenga conto del cambiamento dei tempi e non venga condizionata dalla globalizzazione, che certamente ancora manca del necessario equilibrio nella distribuzione delle risorse e tende alla standardizzazione di ogni cosa\u201d.<br><\/em>Nel corso del Convegno, a cui ha portato la sua esperienza di fondatore dell\u2019Associazione e di Presidente della stessa per alcuni decenni Enrico Tarsia , Stivala ha invitato tutti i presenti a fare uso del diritto di voto all\u2019estero. <em>\u201cSe la percentuale di votanti fosse insoddisfacente \u2013 ha egli concluso \u2013 si leverebbero tanti voci, per niente favorevoli all\u2019approvazione della legge, per abrogarla\u201d.<br><\/em>Al numeroso pubblico, al termine dell\u2019incontro, ha portato il suo cordiale e affettuoso saluto il direttore della Missione Italiana di Zurigo, presso cui il Convegno ha avuto luogo, don Ernesto Grignani.<\/p>\n\n\n\n<p>Scarica il file <a href=\"https:\/\/www.gentecamuna.it\/wp-content\/uploads\/2020\/05\/locandina_zurigo.pdf\" target=\"_blank\" rel=\"noreferrer noopener\">Locandina del Convegno<\/a><\/p>\n","protected":false},"excerpt":{"rendered":"<p>Zurigo: Convegno di Gente CamunaIl ruolo delle Associazioni in un mondo globalizzato. L\u2019intervento di Franco Narducci L\u2019Associazione Gente Camuna, con la preziosa collaborazione di Circoli di Zurigo, Ginevra, Losanna e Basilea, ha tenuto proprio a Zurigo un interessante Convegno con l\u2019obiettivo di riflettere sulla realt\u00e0 migratoria di oggi in considerazione del fenomeno della globalizzazione che [&hellip;]<\/p>\n","protected":false},"author":3,"featured_media":0,"parent":25,"menu_order":0,"comment_status":"closed","ping_status":"closed","template":"","meta":{"footnotes":""},"class_list":["post-103","page","type-page","status-publish","hentry","has-post-title","has-post-date","has-post-category","has-post-tag","has-post-comment","has-post-author",""],"builder_content":"","_links":{"self":[{"href":"https:\/\/www.gentecamuna.it\/index.php\/wp-json\/wp\/v2\/pages\/103","targetHints":{"allow":["GET"]}}],"collection":[{"href":"https:\/\/www.gentecamuna.it\/index.php\/wp-json\/wp\/v2\/pages"}],"about":[{"href":"https:\/\/www.gentecamuna.it\/index.php\/wp-json\/wp\/v2\/types\/page"}],"author":[{"embeddable":true,"href":"https:\/\/www.gentecamuna.it\/index.php\/wp-json\/wp\/v2\/users\/3"}],"replies":[{"embeddable":true,"href":"https:\/\/www.gentecamuna.it\/index.php\/wp-json\/wp\/v2\/comments?post=103"}],"version-history":[{"count":3,"href":"https:\/\/www.gentecamuna.it\/index.php\/wp-json\/wp\/v2\/pages\/103\/revisions"}],"predecessor-version":[{"id":107,"href":"https:\/\/www.gentecamuna.it\/index.php\/wp-json\/wp\/v2\/pages\/103\/revisions\/107"}],"up":[{"embeddable":true,"href":"https:\/\/www.gentecamuna.it\/index.php\/wp-json\/wp\/v2\/pages\/25"}],"wp:attachment":[{"href":"https:\/\/www.gentecamuna.it\/index.php\/wp-json\/wp\/v2\/media?parent=103"}],"curies":[{"name":"wp","href":"https:\/\/api.w.org\/{rel}","templated":true}]}}

<!-- wp:themify-builder/canvas /-->


<p><strong>Zurigo: Convegno di Gente Camuna<br></strong><em>Il ruolo delle Associazioni in un mondo globalizzato. L’intervento di Franco Narducci</em></p>



<p>L’Associazione Gente Camuna, con la preziosa collaborazione di Circoli di Zurigo, Ginevra, Losanna e Basilea, ha tenuto proprio a Zurigo un interessante Convegno con l’obiettivo di riflettere sulla realtà migratoria di oggi in considerazione del fenomeno della globalizzazione che tende ad annullare ogni differenziazione e a far perdere ai nostri connazionali la loro identità.<br>Il Convegno ha visto, nonostante la eccezionale nevicata che ha bloccato la città, una nutrita partecipazione di emigrati camuni e lombardi, ma non solo.<br>Emilia Sina, presidente del Circolo camuno di Zurigo, ha portato il saluto ai convenuti ed ha rivolto “<em>un accalorato appello alla collaborazione, all’aiuto reciproco,al rinnovamento di mentalità. Occorre adeguarci</em> – ha aggiunto – <em>ai tempi mutati con le sinergie delle forze per portare avanti con successo il nostro lavoro a favore di tutta la collettività non solo lombarda-italiana, ma direi di tutta la comunità multietnica, multireligiosa e plurilingue, come quella di cui è composta oggi la società svizzera</em>” .<br>Si è entrati nel vivo dell’argomento oggetto del Convegno: “<em>Emigrazione e Globalizzazione. Il ruolo delle Associazioni”, </em>con le relazioni dei rappresentanti delle Associazioni Lombarde che operano nella città elvetica.<br>Per Gente Camuna è intervenuto Nicola Stivala, il quale, dopo aver illustrato gli effetti che la globalizzazione sta producendo nell’economia, nella cultura e nell’informazione, si è posto ed ha posto l’interrogativo se oggi l’associazionismo ha ancora un ruolo da svolgere in una realtà che tende a standardizzare ed omogeneizzare tutto. “<em>Ma proprio per impedire che ciò avvenga e che le tante ricchezze peculiari della nostra cultura e tradizione vengano inglobate e perdano la loro unicità, occorre – concluso &#8211; valorizzare il ruolo delle nostre Associazioni, depositarie del contatto con il mondo dell’emigrazione e quindi garanzia di trasmissione di quanto ci è stato tramandato e che abbiamo il dovere di non contribuire a disperdere</em>”.<br>Si sono susseguiti poi altri oratori, tra cui Daniele Marroncini, presidente dell’Associazione Mantovani nel Mondo che si è soffermato sul ruolo e l’importanza del volontariato nelle associazioni, sulla necessità che la Regione Lombardia adegui alle esigenze di oggi la legge sull’emigrazione, sul diritto di cittadinanza.<br>Hanno portato i loro contributi i presidente dei Circoli “Gente Camuna” di Basilea Daniele Contessi, di Losanna Luciano Rizzi e di Ginevra Stefano Moscardi i quali, nonostante le avversità climatiche, hanno raggiunto la sede del Convegno con folte delegazioni.<br>Tra le autorità presenti numerose rappresentanze di altre associazioni e i presidenti del Com.it.es di Zurigo Luciano Pavan, dei Valtellinesi e Valchiavennaschi di Zurigo Renzo Ferrari, dell’Associazione Colonie Libere Claudio Micheloni, candidato nelle prossime elezioni politiche, i quali tutti, hanno dato, coi loro interventi, un prezioso ed efficace supporto alla riuscita del Convegno.<br>Particolarmente apprezzato e applaudito infine l’intervento conclusivo di Franco Narducci, SegretarioGenerale del CGIE e candidato al Parlamento.<br>Dopo aver sostenuto con forza e convinzione il ruolo attuale delle Associazioni, punto di riferimento per gli emigrati e organismi fondamentali per la valorizzazione della propria identità, ha aggiunto: “<em>Esiste una rete incredibile nel mondo che tiene viva la cultura italiana, pur con le sue diversità. Occorre l’impegno di tutti per difendere, preservare e rinnovare tale sistema associativo, tenendolo lontano dalla lotta politica. Occorre però una loronuova progettualità che tenga conto del cambiamento dei tempi e non venga condizionata dalla globalizzazione, che certamente ancora manca del necessario equilibrio nella distribuzione delle risorse e tende alla standardizzazione di ogni cosa”.<br></em>Nel corso del Convegno, a cui ha portato la sua esperienza di fondatore dell’Associazione e di Presidente della stessa per alcuni decenni Enrico Tarsia , Stivala ha invitato tutti i presenti a fare uso del diritto di voto all’estero. <em>“Se la percentuale di votanti fosse insoddisfacente – ha egli concluso – si leverebbero tanti voci, per niente favorevoli all’approvazione della legge, per abrogarla”.<br></em>Al numeroso pubblico, al termine dell’incontro, ha portato il suo cordiale e affettuoso saluto il direttore della Missione Italiana di Zurigo, presso cui il Convegno ha avuto luogo, don Ernesto Grignani.</p>



<p>Scarica il file <a href="https://www.gentecamuna.it/wp-content/uploads/2020/05/locandina_zurigo.pdf" target="_blank" rel="noreferrer noopener">Locandina del Convegno</a></p>

<p>Zurigo: Convegno di Gente CamunaIl ruolo delle Associazioni in un mondo globalizzato. L’intervento di Franco Narducci L’Associazione Gente Camuna, con la preziosa collaborazione di Circoli di Zurigo, Ginevra, Losanna e Basilea, ha tenuto proprio a Zurigo un interessante Convegno con l’obiettivo di riflettere sulla realtà migratoria di oggi in considerazione del fenomeno della globalizzazione che [&hellip;]</p>
